{"id":1193,"date":"2012-05-19T13:51:12","date_gmt":"2012-05-19T13:51:12","guid":{"rendered":"https:\/\/blog.ecotronics.ch\/wordpress\/?page_id=1193"},"modified":"2012-05-31T08:53:35","modified_gmt":"2012-05-31T08:53:35","slug":"abstracts","status":"publish","type":"page","link":"https:\/\/blog.ecotronics.ch\/wordpress\/?page_id=1193","title":{"rendered":"Abstracts"},"content":{"rendered":"<p>Immer wieder hat mich die nicht gegest\u00e4ndliche, gewissermassen abtrakte Photographie fasziniert, das reine Spiel mit Farben und Formen. Motive wie Spiegelungen eignen sich dazu. Bei den Aufnahmen von der Berner Fasnacht entstanden die abstrakten Bilder quasi zuf\u00e4llig, weil mein Samsung-Handy auf die prek\u00e4ren Lichtverh\u00e4ltnisse mit verwischten und \u00fcberblendeten Bildern reagierte, was seinen ganz eigenen Reiz entwickelte.<br \/>\nAufgenommen von Silvia Rothen, Bern, Schweiz<br \/>\nKameras: Canon EOS 10D, Canon EOS 500D, Samsung Galaxy SII<br \/>\n<!-- Hochformat 480x600, Querformat  800 --><br \/>\n\n\t\t<style type=\"text\/css\">\n\t\t\t#gallery-1 {\n\t\t\t\tmargin: auto;\n\t\t\t}\n\t\t\t#gallery-1 .gallery-item {\n\t\t\t\tfloat: left;\n\t\t\t\tmargin-top: 10px;\n\t\t\t\ttext-align: center;\n\t\t\t\twidth: 50%;\n\t\t\t}\n\t\t\t#gallery-1 img {\n\t\t\t\tborder: 2px solid #cfcfcf;\n\t\t\t}\n\t\t\t#gallery-1 .gallery-caption {\n\t\t\t\tmargin-left: 0;\n\t\t\t}\n\t\t\t\/* see gallery_shortcode() in wp-includes\/media.php *\/\n\t\t<\/style>\n\t\t<div id='gallery-1' class='gallery galleryid-1193 gallery-columns-2 gallery-size-medium'><dl class='gallery-item'>\n\t\t\t<dt class='gallery-icon portrait'>\n\t\t\t\t<a href='https:\/\/blog.ecotronics.ch\/wordpress\/wp-content\/uploads\/2012\/05\/20120225_sgii_204737_0_Schweiz_Bern_Carnival_I.jpg'><img width=\"225\" height=\"300\" src=\"https:\/\/blog.ecotronics.ch\/wordpress\/wp-content\/uploads\/2012\/05\/20120225_sgii_204737_0_Schweiz_Bern_Carnival_I-225x300.jpg\" class=\"attachment-medium size-medium\" alt=\"Carnival I\" decoding=\"async\" loading=\"lazy\" aria-describedby=\"gallery-1-1206\" srcset=\"https:\/\/blog.ecotronics.ch\/wordpress\/wp-content\/uploads\/2012\/05\/20120225_sgii_204737_0_Schweiz_Bern_Carnival_I-225x300.jpg 225w, https:\/\/blog.ecotronics.ch\/wordpress\/wp-content\/uploads\/2012\/05\/20120225_sgii_204737_0_Schweiz_Bern_Carnival_I-112x150.jpg 112w, https:\/\/blog.ecotronics.ch\/wordpress\/wp-content\/uploads\/2012\/05\/20120225_sgii_204737_0_Schweiz_Bern_Carnival_I-400x533.jpg 400w, https:\/\/blog.ecotronics.ch\/wordpress\/wp-content\/uploads\/2012\/05\/20120225_sgii_204737_0_Schweiz_Bern_Carnival_I.jpg 480w\" sizes=\"(max-width: 225px) 100vw, 225px\" \/><\/a>\n\t\t\t<\/dt>\n\t\t\t\t<dd class='wp-caption-text gallery-caption' id='gallery-1-1206'>\n\t\t\t\tCarnival I\n\t\t\t\t<\/dd><\/dl><dl class='gallery-item'>\n\t\t\t<dt class='gallery-icon landscape'>\n\t\t\t\t<a href='https:\/\/blog.ecotronics.ch\/wordpress\/wp-content\/uploads\/2012\/05\/20120225_sgii_203838_0_Schweiz_Bern_Fasnacht-Frau-mit-rotem-Stirnband.jpg'><img width=\"300\" height=\"189\" src=\"https:\/\/blog.ecotronics.ch\/wordpress\/wp-content\/uploads\/2012\/05\/20120225_sgii_203838_0_Schweiz_Bern_Fasnacht-Frau-mit-rotem-Stirnband-300x189.jpg\" class=\"attachment-medium size-medium\" alt=\"Carnival II\" decoding=\"async\" loading=\"lazy\" aria-describedby=\"gallery-1-1210\" srcset=\"https:\/\/blog.ecotronics.ch\/wordpress\/wp-content\/uploads\/2012\/05\/20120225_sgii_203838_0_Schweiz_Bern_Fasnacht-Frau-mit-rotem-Stirnband-300x189.jpg 300w, https:\/\/blog.ecotronics.ch\/wordpress\/wp-content\/uploads\/2012\/05\/20120225_sgii_203838_0_Schweiz_Bern_Fasnacht-Frau-mit-rotem-Stirnband-150x94.jpg 150w, https:\/\/blog.ecotronics.ch\/wordpress\/wp-content\/uploads\/2012\/05\/20120225_sgii_203838_0_Schweiz_Bern_Fasnacht-Frau-mit-rotem-Stirnband-400x252.jpg 400w, https:\/\/blog.ecotronics.ch\/wordpress\/wp-content\/uploads\/2012\/05\/20120225_sgii_203838_0_Schweiz_Bern_Fasnacht-Frau-mit-rotem-Stirnband.jpg 1013w\" sizes=\"(max-width: 300px) 100vw, 300px\" \/><\/a>\n\t\t\t<\/dt>\n\t\t\t\t<dd class='wp-caption-text gallery-caption' id='gallery-1-1210'>\n\t\t\t\tCarnival II\n\t\t\t\t<\/dd><\/dl><br style=\"clear: both\" \/><dl class='gallery-item'>\n\t\t\t<dt class='gallery-icon portrait'>\n\t\t\t\t<a href='https:\/\/blog.ecotronics.ch\/wordpress\/wp-content\/uploads\/2012\/05\/20120225_sgii_203903_0_Schweiz_Bern_Fasnacht-Gesicht-Geschnitten.jpg'><img width=\"212\" height=\"300\" src=\"https:\/\/blog.ecotronics.ch\/wordpress\/wp-content\/uploads\/2012\/05\/20120225_sgii_203903_0_Schweiz_Bern_Fasnacht-Gesicht-Geschnitten-212x300.jpg\" class=\"attachment-medium size-medium\" alt=\"Carousel Head\" decoding=\"async\" loading=\"lazy\" aria-describedby=\"gallery-1-1208\" srcset=\"https:\/\/blog.ecotronics.ch\/wordpress\/wp-content\/uploads\/2012\/05\/20120225_sgii_203903_0_Schweiz_Bern_Fasnacht-Gesicht-Geschnitten-212x300.jpg 212w, https:\/\/blog.ecotronics.ch\/wordpress\/wp-content\/uploads\/2012\/05\/20120225_sgii_203903_0_Schweiz_Bern_Fasnacht-Gesicht-Geschnitten-106x150.jpg 106w, https:\/\/blog.ecotronics.ch\/wordpress\/wp-content\/uploads\/2012\/05\/20120225_sgii_203903_0_Schweiz_Bern_Fasnacht-Gesicht-Geschnitten-400x565.jpg 400w, https:\/\/blog.ecotronics.ch\/wordpress\/wp-content\/uploads\/2012\/05\/20120225_sgii_203903_0_Schweiz_Bern_Fasnacht-Gesicht-Geschnitten.jpg 453w\" sizes=\"(max-width: 212px) 100vw, 212px\" \/><\/a>\n\t\t\t<\/dt>\n\t\t\t\t<dd class='wp-caption-text gallery-caption' id='gallery-1-1208'>\n\t\t\t\tCarousel Head\n\t\t\t\t<\/dd><\/dl><dl class='gallery-item'>\n\t\t\t<dt class='gallery-icon portrait'>\n\t\t\t\t<a href='https:\/\/blog.ecotronics.ch\/wordpress\/wp-content\/uploads\/2012\/05\/20120212_c500_001553_1_Schweiz_Lausanne-Ouchy_Abstrakte-Spiegelung.jpg'><img width=\"257\" height=\"300\" src=\"https:\/\/blog.ecotronics.ch\/wordpress\/wp-content\/uploads\/2012\/05\/20120212_c500_001553_1_Schweiz_Lausanne-Ouchy_Abstrakte-Spiegelung-257x300.jpg\" class=\"attachment-medium size-medium\" alt=\"Reflections I\" decoding=\"async\" loading=\"lazy\" aria-describedby=\"gallery-1-1192\" srcset=\"https:\/\/blog.ecotronics.ch\/wordpress\/wp-content\/uploads\/2012\/05\/20120212_c500_001553_1_Schweiz_Lausanne-Ouchy_Abstrakte-Spiegelung-257x300.jpg 257w, https:\/\/blog.ecotronics.ch\/wordpress\/wp-content\/uploads\/2012\/05\/20120212_c500_001553_1_Schweiz_Lausanne-Ouchy_Abstrakte-Spiegelung-128x150.jpg 128w, https:\/\/blog.ecotronics.ch\/wordpress\/wp-content\/uploads\/2012\/05\/20120212_c500_001553_1_Schweiz_Lausanne-Ouchy_Abstrakte-Spiegelung-400x465.jpg 400w, https:\/\/blog.ecotronics.ch\/wordpress\/wp-content\/uploads\/2012\/05\/20120212_c500_001553_1_Schweiz_Lausanne-Ouchy_Abstrakte-Spiegelung.jpg 550w\" sizes=\"(max-width: 257px) 100vw, 257px\" \/><\/a>\n\t\t\t<\/dt>\n\t\t\t\t<dd class='wp-caption-text gallery-caption' id='gallery-1-1192'>\n\t\t\t\tReflections I\n\t\t\t\t<\/dd><\/dl><br style=\"clear: both\" \/><dl class='gallery-item'>\n\t\t\t<dt class='gallery-icon landscape'>\n\t\t\t\t<a href='https:\/\/blog.ecotronics.ch\/wordpress\/wp-content\/uploads\/2012\/05\/20120212_c500_001550_1_Schweiz_Lausanne-Ouchy_Spiegelung-im-Hafenbecken.jpg'><img width=\"300\" height=\"143\" src=\"https:\/\/blog.ecotronics.ch\/wordpress\/wp-content\/uploads\/2012\/05\/20120212_c500_001550_1_Schweiz_Lausanne-Ouchy_Spiegelung-im-Hafenbecken-300x143.jpg\" class=\"attachment-medium size-medium\" alt=\"Reflections II\" decoding=\"async\" loading=\"lazy\" aria-describedby=\"gallery-1-1200\" srcset=\"https:\/\/blog.ecotronics.ch\/wordpress\/wp-content\/uploads\/2012\/05\/20120212_c500_001550_1_Schweiz_Lausanne-Ouchy_Spiegelung-im-Hafenbecken-300x143.jpg 300w, https:\/\/blog.ecotronics.ch\/wordpress\/wp-content\/uploads\/2012\/05\/20120212_c500_001550_1_Schweiz_Lausanne-Ouchy_Spiegelung-im-Hafenbecken-1024x488.jpg 1024w, https:\/\/blog.ecotronics.ch\/wordpress\/wp-content\/uploads\/2012\/05\/20120212_c500_001550_1_Schweiz_Lausanne-Ouchy_Spiegelung-im-Hafenbecken-150x71.jpg 150w, https:\/\/blog.ecotronics.ch\/wordpress\/wp-content\/uploads\/2012\/05\/20120212_c500_001550_1_Schweiz_Lausanne-Ouchy_Spiegelung-im-Hafenbecken-400x190.jpg 400w, https:\/\/blog.ecotronics.ch\/wordpress\/wp-content\/uploads\/2012\/05\/20120212_c500_001550_1_Schweiz_Lausanne-Ouchy_Spiegelung-im-Hafenbecken.jpg 1342w\" sizes=\"(max-width: 300px) 100vw, 300px\" \/><\/a>\n\t\t\t<\/dt>\n\t\t\t\t<dd class='wp-caption-text gallery-caption' id='gallery-1-1200'>\n\t\t\t\tReflections II\n\t\t\t\t<\/dd><\/dl><dl class='gallery-item'>\n\t\t\t<dt class='gallery-icon portrait'>\n\t\t\t\t<a href='https:\/\/blog.ecotronics.ch\/wordpress\/wp-content\/uploads\/2012\/05\/20120225_sgii_202006_2_Schweiz_Bern_Fasnacht-Frau-mit-roter-Jacke-Hochformat.jpg'><img width=\"160\" height=\"300\" src=\"https:\/\/blog.ecotronics.ch\/wordpress\/wp-content\/uploads\/2012\/05\/20120225_sgii_202006_2_Schweiz_Bern_Fasnacht-Frau-mit-roter-Jacke-Hochformat-160x300.jpg\" class=\"attachment-medium size-medium\" alt=\"Woman in Red Jacket\" decoding=\"async\" loading=\"lazy\" aria-describedby=\"gallery-1-1204\" srcset=\"https:\/\/blog.ecotronics.ch\/wordpress\/wp-content\/uploads\/2012\/05\/20120225_sgii_202006_2_Schweiz_Bern_Fasnacht-Frau-mit-roter-Jacke-Hochformat-160x300.jpg 160w, https:\/\/blog.ecotronics.ch\/wordpress\/wp-content\/uploads\/2012\/05\/20120225_sgii_202006_2_Schweiz_Bern_Fasnacht-Frau-mit-roter-Jacke-Hochformat-80x150.jpg 80w, https:\/\/blog.ecotronics.ch\/wordpress\/wp-content\/uploads\/2012\/05\/20120225_sgii_202006_2_Schweiz_Bern_Fasnacht-Frau-mit-roter-Jacke-Hochformat.jpg 343w\" sizes=\"(max-width: 160px) 100vw, 160px\" \/><\/a>\n\t\t\t<\/dt>\n\t\t\t\t<dd class='wp-caption-text gallery-caption' id='gallery-1-1204'>\n\t\t\t\tWoman in Red Jacket\n\t\t\t\t<\/dd><\/dl><br style=\"clear: both\" \/>\n\t\t<\/div>\n<\/p>\n","protected":false},"excerpt":{"rendered":"<p>Immer wieder hat mich die nicht gegest\u00e4ndliche, gewissermassen abtrakte Photographie fasziniert, das reine Spiel mit Farben und Formen. Motive wie Spiegelungen eignen sich dazu. Bei den Aufnahmen von der Berner Fasnacht entstanden die abstrakten Bilder quasi zuf\u00e4llig, weil mein Samsung-Handy auf die prek\u00e4ren Lichtverh\u00e4ltnisse mit verwischten und \u00fcberblendeten Bildern reagierte, was seinen ganz eigenen Reiz [&#8230;]<\/p>\n","protected":false},"author":1,"featured_media":0,"parent":1034,"menu_order":0,"comment_status":"closed","ping_status":"closed","template":"","meta":[],"_links":{"self":[{"href":"https:\/\/blog.ecotronics.ch\/wordpress\/index.php?rest_route=\/wp\/v2\/pages\/1193"}],"collection":[{"href":"https:\/\/blog.ecotronics.ch\/wordpress\/index.php?rest_route=\/wp\/v2\/pages"}],"about":[{"href":"https:\/\/blog.ecotronics.ch\/wordpress\/index.php?rest_route=\/wp\/v2\/types\/page"}],"author":[{"embeddable":true,"href":"https:\/\/blog.ecotronics.ch\/wordpress\/index.php?rest_route=\/wp\/v2\/users\/1"}],"replies":[{"embeddable":true,"href":"https:\/\/blog.ecotronics.ch\/wordpress\/index.php?rest_route=%2Fwp%2Fv2%2Fcomments&post=1193"}],"version-history":[{"count":12,"href":"https:\/\/blog.ecotronics.ch\/wordpress\/index.php?rest_route=\/wp\/v2\/pages\/1193\/revisions"}],"predecessor-version":[{"id":1197,"href":"https:\/\/blog.ecotronics.ch\/wordpress\/index.php?rest_route=\/wp\/v2\/pages\/1193\/revisions\/1197"}],"up":[{"embeddable":true,"href":"https:\/\/blog.ecotronics.ch\/wordpress\/index.php?rest_route=\/wp\/v2\/pages\/1034"}],"wp:attachment":[{"href":"https:\/\/blog.ecotronics.ch\/wordpress\/index.php?rest_route=%2Fwp%2Fv2%2Fmedia&parent=1193"}],"curies":[{"name":"wp","href":"https:\/\/api.w.org\/{rel}","templated":true}]}}