{"id":2695,"date":"2016-01-31T17:51:40","date_gmt":"2016-01-31T17:51:40","guid":{"rendered":"https:\/\/blog.ecotronics.ch\/wordpress\/?page_id=2695"},"modified":"2016-01-31T18:03:12","modified_gmt":"2016-01-31T18:03:12","slug":"metallene-codes","status":"publish","type":"page","link":"https:\/\/blog.ecotronics.ch\/wordpress\/?page_id=2695","title":{"rendered":"Metallene Codes"},"content":{"rendered":"<p>Aufgenommen von Silvia Rothen, Bern, Schweiz<br \/>\nOrt: Eisenbahnmuseum Mulhouse, Januar 2016<br \/>\nKamera: Olympus Tough TG-4<\/p>\n<p>Erst nach einiger Zeit entdeckte ich im Halbdunkel des Eisenbahnmuseums Mulhouse diese ins Metall geritzten oder gepr\u00e4gten Zeichen und Ziffern. Ein paar hartgesottene Eisenbahnfans m\u00f6gen diese Codes noch eine Bedeutung haben, f\u00fcr alle anderen bleibt nur ihre mattschimmernde, geheimnisvolle Sch\u00f6nheit.<\/p>\n\n\t\t<style type=\"text\/css\">\n\t\t\t#gallery-1 {\n\t\t\t\tmargin: auto;\n\t\t\t}\n\t\t\t#gallery-1 .gallery-item {\n\t\t\t\tfloat: left;\n\t\t\t\tmargin-top: 10px;\n\t\t\t\ttext-align: center;\n\t\t\t\twidth: 50%;\n\t\t\t}\n\t\t\t#gallery-1 img {\n\t\t\t\tborder: 2px solid #cfcfcf;\n\t\t\t}\n\t\t\t#gallery-1 .gallery-caption {\n\t\t\t\tmargin-left: 0;\n\t\t\t}\n\t\t\t\/* see gallery_shortcode() in wp-includes\/media.php *\/\n\t\t<\/style>\n\t\t<div id='gallery-1' class='gallery galleryid-2695 gallery-columns-2 gallery-size-medium'><dl class='gallery-item'>\n\t\t\t<dt class='gallery-icon landscape'>\n\t\t\t\t<a href='https:\/\/blog.ecotronics.ch\/wordpress\/wp-content\/uploads\/2016\/01\/20160130_otg4_1300180_0_Frankreich_Mulhouse-Eisenbahnmuseum_x.jpg'><img width=\"300\" height=\"200\" src=\"https:\/\/blog.ecotronics.ch\/wordpress\/wp-content\/uploads\/2016\/01\/20160130_otg4_1300180_0_Frankreich_Mulhouse-Eisenbahnmuseum_x-300x200.jpg\" class=\"attachment-medium size-medium\" alt=\"Metallene Codes: 0\" decoding=\"async\" loading=\"lazy\" aria-describedby=\"gallery-1-2709\" srcset=\"https:\/\/blog.ecotronics.ch\/wordpress\/wp-content\/uploads\/2016\/01\/20160130_otg4_1300180_0_Frankreich_Mulhouse-Eisenbahnmuseum_x-300x200.jpg 300w, https:\/\/blog.ecotronics.ch\/wordpress\/wp-content\/uploads\/2016\/01\/20160130_otg4_1300180_0_Frankreich_Mulhouse-Eisenbahnmuseum_x-150x100.jpg 150w, https:\/\/blog.ecotronics.ch\/wordpress\/wp-content\/uploads\/2016\/01\/20160130_otg4_1300180_0_Frankreich_Mulhouse-Eisenbahnmuseum_x-400x267.jpg 400w, https:\/\/blog.ecotronics.ch\/wordpress\/wp-content\/uploads\/2016\/01\/20160130_otg4_1300180_0_Frankreich_Mulhouse-Eisenbahnmuseum_x.jpg 800w\" sizes=\"(max-width: 300px) 100vw, 300px\" \/><\/a>\n\t\t\t<\/dt>\n\t\t\t\t<dd class='wp-caption-text gallery-caption' id='gallery-1-2709'>\n\t\t\t\tMetallene Codes: 0\n\t\t\t\t<\/dd><\/dl><dl class='gallery-item'>\n\t\t\t<dt class='gallery-icon landscape'>\n\t\t\t\t<a href='https:\/\/blog.ecotronics.ch\/wordpress\/wp-content\/uploads\/2016\/01\/20160130_otg4_1300137_0_Frankreich_Mulhouse-Eisenbahnmuseum_x.jpg'><img width=\"300\" height=\"200\" src=\"https:\/\/blog.ecotronics.ch\/wordpress\/wp-content\/uploads\/2016\/01\/20160130_otg4_1300137_0_Frankreich_Mulhouse-Eisenbahnmuseum_x-300x200.jpg\" class=\"attachment-medium size-medium\" alt=\"Metallene Codes: 12003 AD\" decoding=\"async\" loading=\"lazy\" aria-describedby=\"gallery-1-2700\" srcset=\"https:\/\/blog.ecotronics.ch\/wordpress\/wp-content\/uploads\/2016\/01\/20160130_otg4_1300137_0_Frankreich_Mulhouse-Eisenbahnmuseum_x-300x200.jpg 300w, https:\/\/blog.ecotronics.ch\/wordpress\/wp-content\/uploads\/2016\/01\/20160130_otg4_1300137_0_Frankreich_Mulhouse-Eisenbahnmuseum_x-150x100.jpg 150w, https:\/\/blog.ecotronics.ch\/wordpress\/wp-content\/uploads\/2016\/01\/20160130_otg4_1300137_0_Frankreich_Mulhouse-Eisenbahnmuseum_x-400x267.jpg 400w, https:\/\/blog.ecotronics.ch\/wordpress\/wp-content\/uploads\/2016\/01\/20160130_otg4_1300137_0_Frankreich_Mulhouse-Eisenbahnmuseum_x.jpg 800w\" sizes=\"(max-width: 300px) 100vw, 300px\" \/><\/a>\n\t\t\t<\/dt>\n\t\t\t\t<dd class='wp-caption-text gallery-caption' id='gallery-1-2700'>\n\t\t\t\tMetallene Codes:  12003 AD\n\t\t\t\t<\/dd><\/dl><br style=\"clear: both\" \/><dl class='gallery-item'>\n\t\t\t<dt class='gallery-icon landscape'>\n\t\t\t\t<a href='https:\/\/blog.ecotronics.ch\/wordpress\/wp-content\/uploads\/2016\/01\/20160130_otg4_1300155_0_Frankreich_Mulhouse-Eisenbahnmuseum_x.jpg'><img width=\"300\" height=\"200\" src=\"https:\/\/blog.ecotronics.ch\/wordpress\/wp-content\/uploads\/2016\/01\/20160130_otg4_1300155_0_Frankreich_Mulhouse-Eisenbahnmuseum_x-300x200.jpg\" class=\"attachment-medium size-medium\" alt=\"Metallene Codes: 1314 BP\" decoding=\"async\" loading=\"lazy\" aria-describedby=\"gallery-1-2732\" srcset=\"https:\/\/blog.ecotronics.ch\/wordpress\/wp-content\/uploads\/2016\/01\/20160130_otg4_1300155_0_Frankreich_Mulhouse-Eisenbahnmuseum_x-300x200.jpg 300w, https:\/\/blog.ecotronics.ch\/wordpress\/wp-content\/uploads\/2016\/01\/20160130_otg4_1300155_0_Frankreich_Mulhouse-Eisenbahnmuseum_x-150x100.jpg 150w, https:\/\/blog.ecotronics.ch\/wordpress\/wp-content\/uploads\/2016\/01\/20160130_otg4_1300155_0_Frankreich_Mulhouse-Eisenbahnmuseum_x-400x267.jpg 400w, https:\/\/blog.ecotronics.ch\/wordpress\/wp-content\/uploads\/2016\/01\/20160130_otg4_1300155_0_Frankreich_Mulhouse-Eisenbahnmuseum_x.jpg 800w\" sizes=\"(max-width: 300px) 100vw, 300px\" \/><\/a>\n\t\t\t<\/dt>\n\t\t\t\t<dd class='wp-caption-text gallery-caption' id='gallery-1-2732'>\n\t\t\t\tMetallene Codes:  1314 BP\n\t\t\t\t<\/dd><\/dl><dl class='gallery-item'>\n\t\t\t<dt class='gallery-icon landscape'>\n\t\t\t\t<a href='https:\/\/blog.ecotronics.ch\/wordpress\/wp-content\/uploads\/2016\/01\/20160130_otg4_1300169_0_Frankreich_Mulhouse-Eisenbahnmuseum_x.jpg'><img width=\"300\" height=\"200\" src=\"https:\/\/blog.ecotronics.ch\/wordpress\/wp-content\/uploads\/2016\/01\/20160130_otg4_1300169_0_Frankreich_Mulhouse-Eisenbahnmuseum_x-300x200.jpg\" class=\"attachment-medium size-medium\" alt=\"Metallene Codes: 3 1102 HPG\" decoding=\"async\" loading=\"lazy\" aria-describedby=\"gallery-1-2707\" srcset=\"https:\/\/blog.ecotronics.ch\/wordpress\/wp-content\/uploads\/2016\/01\/20160130_otg4_1300169_0_Frankreich_Mulhouse-Eisenbahnmuseum_x-300x200.jpg 300w, https:\/\/blog.ecotronics.ch\/wordpress\/wp-content\/uploads\/2016\/01\/20160130_otg4_1300169_0_Frankreich_Mulhouse-Eisenbahnmuseum_x-150x100.jpg 150w, https:\/\/blog.ecotronics.ch\/wordpress\/wp-content\/uploads\/2016\/01\/20160130_otg4_1300169_0_Frankreich_Mulhouse-Eisenbahnmuseum_x-400x267.jpg 400w, https:\/\/blog.ecotronics.ch\/wordpress\/wp-content\/uploads\/2016\/01\/20160130_otg4_1300169_0_Frankreich_Mulhouse-Eisenbahnmuseum_x.jpg 800w\" sizes=\"(max-width: 300px) 100vw, 300px\" \/><\/a>\n\t\t\t<\/dt>\n\t\t\t\t<dd class='wp-caption-text gallery-caption' id='gallery-1-2707'>\n\t\t\t\tMetallene Codes: 3 1102 HPG\n\t\t\t\t<\/dd><\/dl><br style=\"clear: both\" \/><dl class='gallery-item'>\n\t\t\t<dt class='gallery-icon landscape'>\n\t\t\t\t<a href='https:\/\/blog.ecotronics.ch\/wordpress\/wp-content\/uploads\/2016\/01\/20160130_otg4_1300167_0_Frankreich_Mulhouse-Eisenbahnmuseum_x.jpg'><img width=\"300\" height=\"200\" src=\"https:\/\/blog.ecotronics.ch\/wordpress\/wp-content\/uploads\/2016\/01\/20160130_otg4_1300167_0_Frankreich_Mulhouse-Eisenbahnmuseum_x-300x200.jpg\" class=\"attachment-medium size-medium\" alt=\"Metallene Codes: 31102 MG\" decoding=\"async\" loading=\"lazy\" aria-describedby=\"gallery-1-2706\" srcset=\"https:\/\/blog.ecotronics.ch\/wordpress\/wp-content\/uploads\/2016\/01\/20160130_otg4_1300167_0_Frankreich_Mulhouse-Eisenbahnmuseum_x-300x200.jpg 300w, https:\/\/blog.ecotronics.ch\/wordpress\/wp-content\/uploads\/2016\/01\/20160130_otg4_1300167_0_Frankreich_Mulhouse-Eisenbahnmuseum_x-150x100.jpg 150w, https:\/\/blog.ecotronics.ch\/wordpress\/wp-content\/uploads\/2016\/01\/20160130_otg4_1300167_0_Frankreich_Mulhouse-Eisenbahnmuseum_x-400x267.jpg 400w, https:\/\/blog.ecotronics.ch\/wordpress\/wp-content\/uploads\/2016\/01\/20160130_otg4_1300167_0_Frankreich_Mulhouse-Eisenbahnmuseum_x.jpg 800w\" sizes=\"(max-width: 300px) 100vw, 300px\" \/><\/a>\n\t\t\t<\/dt>\n\t\t\t\t<dd class='wp-caption-text gallery-caption' id='gallery-1-2706'>\n\t\t\t\tMetallene Codes: 31102 MG\n\t\t\t\t<\/dd><\/dl><dl class='gallery-item'>\n\t\t\t<dt class='gallery-icon landscape'>\n\t\t\t\t<a href='https:\/\/blog.ecotronics.ch\/wordpress\/wp-content\/uploads\/2016\/01\/20160130_otg4_1300136_0_Frankreich_Mulhouse-Eisenbahnmuseum_x.jpg'><img width=\"300\" height=\"200\" src=\"https:\/\/blog.ecotronics.ch\/wordpress\/wp-content\/uploads\/2016\/01\/20160130_otg4_1300136_0_Frankreich_Mulhouse-Eisenbahnmuseum_x-300x200.jpg\" class=\"attachment-medium size-medium\" alt=\"Metallene Codes: AVD DAR\" decoding=\"async\" loading=\"lazy\" aria-describedby=\"gallery-1-2699\" srcset=\"https:\/\/blog.ecotronics.ch\/wordpress\/wp-content\/uploads\/2016\/01\/20160130_otg4_1300136_0_Frankreich_Mulhouse-Eisenbahnmuseum_x-300x200.jpg 300w, https:\/\/blog.ecotronics.ch\/wordpress\/wp-content\/uploads\/2016\/01\/20160130_otg4_1300136_0_Frankreich_Mulhouse-Eisenbahnmuseum_x-150x100.jpg 150w, https:\/\/blog.ecotronics.ch\/wordpress\/wp-content\/uploads\/2016\/01\/20160130_otg4_1300136_0_Frankreich_Mulhouse-Eisenbahnmuseum_x-400x267.jpg 400w, https:\/\/blog.ecotronics.ch\/wordpress\/wp-content\/uploads\/2016\/01\/20160130_otg4_1300136_0_Frankreich_Mulhouse-Eisenbahnmuseum_x.jpg 800w\" sizes=\"(max-width: 300px) 100vw, 300px\" \/><\/a>\n\t\t\t<\/dt>\n\t\t\t\t<dd class='wp-caption-text gallery-caption' id='gallery-1-2699'>\n\t\t\t\tMetallene Codes:  AVD DAR\n\t\t\t\t<\/dd><\/dl><br style=\"clear: both\" \/><dl class='gallery-item'>\n\t\t\t<dt class='gallery-icon landscape'>\n\t\t\t\t<a href='https:\/\/blog.ecotronics.ch\/wordpress\/wp-content\/uploads\/2016\/01\/20160130_otg4_1300138_0_Frankreich_Mulhouse-Eisenbahnmuseum_x.jpg'><img width=\"300\" height=\"200\" src=\"https:\/\/blog.ecotronics.ch\/wordpress\/wp-content\/uploads\/2016\/01\/20160130_otg4_1300138_0_Frankreich_Mulhouse-Eisenbahnmuseum_x-300x200.jpg\" class=\"attachment-medium size-medium\" alt=\"Metallene Codes: ETAT 120.050.2\" decoding=\"async\" loading=\"lazy\" aria-describedby=\"gallery-1-2701\" srcset=\"https:\/\/blog.ecotronics.ch\/wordpress\/wp-content\/uploads\/2016\/01\/20160130_otg4_1300138_0_Frankreich_Mulhouse-Eisenbahnmuseum_x-300x200.jpg 300w, https:\/\/blog.ecotronics.ch\/wordpress\/wp-content\/uploads\/2016\/01\/20160130_otg4_1300138_0_Frankreich_Mulhouse-Eisenbahnmuseum_x-150x100.jpg 150w, https:\/\/blog.ecotronics.ch\/wordpress\/wp-content\/uploads\/2016\/01\/20160130_otg4_1300138_0_Frankreich_Mulhouse-Eisenbahnmuseum_x-400x267.jpg 400w, https:\/\/blog.ecotronics.ch\/wordpress\/wp-content\/uploads\/2016\/01\/20160130_otg4_1300138_0_Frankreich_Mulhouse-Eisenbahnmuseum_x.jpg 800w\" sizes=\"(max-width: 300px) 100vw, 300px\" \/><\/a>\n\t\t\t<\/dt>\n\t\t\t\t<dd class='wp-caption-text gallery-caption' id='gallery-1-2701'>\n\t\t\t\tMetallene Codes:  ETAT 120.050.2\n\t\t\t\t<\/dd><\/dl><dl class='gallery-item'>\n\t\t\t<dt class='gallery-icon landscape'>\n\t\t\t\t<a href='https:\/\/blog.ecotronics.ch\/wordpress\/wp-content\/uploads\/2016\/01\/20160130_otg4_1300164_0_Frankreich_Mulhouse-Eisenbahnmuseum_x.jpg'><img width=\"300\" height=\"200\" src=\"https:\/\/blog.ecotronics.ch\/wordpress\/wp-content\/uploads\/2016\/01\/20160130_otg4_1300164_0_Frankreich_Mulhouse-Eisenbahnmuseum_x-300x200.jpg\" class=\"attachment-medium size-medium\" alt=\"Metallene Codes: HL 5 23\" decoding=\"async\" loading=\"lazy\" aria-describedby=\"gallery-1-2705\" srcset=\"https:\/\/blog.ecotronics.ch\/wordpress\/wp-content\/uploads\/2016\/01\/20160130_otg4_1300164_0_Frankreich_Mulhouse-Eisenbahnmuseum_x-300x200.jpg 300w, https:\/\/blog.ecotronics.ch\/wordpress\/wp-content\/uploads\/2016\/01\/20160130_otg4_1300164_0_Frankreich_Mulhouse-Eisenbahnmuseum_x-150x100.jpg 150w, https:\/\/blog.ecotronics.ch\/wordpress\/wp-content\/uploads\/2016\/01\/20160130_otg4_1300164_0_Frankreich_Mulhouse-Eisenbahnmuseum_x-400x267.jpg 400w, https:\/\/blog.ecotronics.ch\/wordpress\/wp-content\/uploads\/2016\/01\/20160130_otg4_1300164_0_Frankreich_Mulhouse-Eisenbahnmuseum_x.jpg 800w\" sizes=\"(max-width: 300px) 100vw, 300px\" \/><\/a>\n\t\t\t<\/dt>\n\t\t\t\t<dd class='wp-caption-text gallery-caption' id='gallery-1-2705'>\n\t\t\t\tMetallene Codes: HL 5 23\n\t\t\t\t<\/dd><\/dl><br style=\"clear: both\" \/><dl class='gallery-item'>\n\t\t\t<dt class='gallery-icon portrait'>\n\t\t\t\t<a href='https:\/\/blog.ecotronics.ch\/wordpress\/wp-content\/uploads\/2016\/01\/20160130_otg4_1300035_0_Frankreich_Mulhouse-Eisenbahnmuseum_x.jpg'><img width=\"200\" height=\"300\" src=\"https:\/\/blog.ecotronics.ch\/wordpress\/wp-content\/uploads\/2016\/01\/20160130_otg4_1300035_0_Frankreich_Mulhouse-Eisenbahnmuseum_x-200x300.jpg\" class=\"attachment-medium size-medium\" alt=\"Metallene Codes: 23\" decoding=\"async\" loading=\"lazy\" aria-describedby=\"gallery-1-2728\" srcset=\"https:\/\/blog.ecotronics.ch\/wordpress\/wp-content\/uploads\/2016\/01\/20160130_otg4_1300035_0_Frankreich_Mulhouse-Eisenbahnmuseum_x-200x300.jpg 200w, https:\/\/blog.ecotronics.ch\/wordpress\/wp-content\/uploads\/2016\/01\/20160130_otg4_1300035_0_Frankreich_Mulhouse-Eisenbahnmuseum_x.jpg 533w, https:\/\/blog.ecotronics.ch\/wordpress\/wp-content\/uploads\/2016\/01\/20160130_otg4_1300035_0_Frankreich_Mulhouse-Eisenbahnmuseum_x-100x150.jpg 100w, https:\/\/blog.ecotronics.ch\/wordpress\/wp-content\/uploads\/2016\/01\/20160130_otg4_1300035_0_Frankreich_Mulhouse-Eisenbahnmuseum_x-400x600.jpg 400w\" sizes=\"(max-width: 200px) 100vw, 200px\" \/><\/a>\n\t\t\t<\/dt>\n\t\t\t\t<dd class='wp-caption-text gallery-caption' id='gallery-1-2728'>\n\t\t\t\tMetallene Codes: 23\n\t\t\t\t<\/dd><\/dl><dl class='gallery-item'>\n\t\t\t<dt class='gallery-icon portrait'>\n\t\t\t\t<a href='https:\/\/blog.ecotronics.ch\/wordpress\/wp-content\/uploads\/2016\/01\/20160130_otg4_1300141_0_Frankreich_Mulhouse-Eisenbahnmuseum_x.jpg'><img width=\"200\" height=\"300\" src=\"https:\/\/blog.ecotronics.ch\/wordpress\/wp-content\/uploads\/2016\/01\/20160130_otg4_1300141_0_Frankreich_Mulhouse-Eisenbahnmuseum_x-200x300.jpg\" class=\"attachment-medium size-medium\" alt=\"Metallene Codes: 80 D\" decoding=\"async\" loading=\"lazy\" aria-describedby=\"gallery-1-2702\" srcset=\"https:\/\/blog.ecotronics.ch\/wordpress\/wp-content\/uploads\/2016\/01\/20160130_otg4_1300141_0_Frankreich_Mulhouse-Eisenbahnmuseum_x-200x300.jpg 200w, https:\/\/blog.ecotronics.ch\/wordpress\/wp-content\/uploads\/2016\/01\/20160130_otg4_1300141_0_Frankreich_Mulhouse-Eisenbahnmuseum_x.jpg 533w, https:\/\/blog.ecotronics.ch\/wordpress\/wp-content\/uploads\/2016\/01\/20160130_otg4_1300141_0_Frankreich_Mulhouse-Eisenbahnmuseum_x-100x150.jpg 100w, https:\/\/blog.ecotronics.ch\/wordpress\/wp-content\/uploads\/2016\/01\/20160130_otg4_1300141_0_Frankreich_Mulhouse-Eisenbahnmuseum_x-400x600.jpg 400w\" sizes=\"(max-width: 200px) 100vw, 200px\" \/><\/a>\n\t\t\t<\/dt>\n\t\t\t\t<dd class='wp-caption-text gallery-caption' id='gallery-1-2702'>\n\t\t\t\tMetallene Codes: 80 D\n\t\t\t\t<\/dd><\/dl><br style=\"clear: both\" \/><dl class='gallery-item'>\n\t\t\t<dt class='gallery-icon portrait'>\n\t\t\t\t<a href='https:\/\/blog.ecotronics.ch\/wordpress\/wp-content\/uploads\/2016\/01\/20160130_otg4_1300147_0_Frankreich_Mulhouse-Eisenbahnmuseum_x.jpg'><img width=\"200\" height=\"300\" src=\"https:\/\/blog.ecotronics.ch\/wordpress\/wp-content\/uploads\/2016\/01\/20160130_otg4_1300147_0_Frankreich_Mulhouse-Eisenbahnmuseum_x-200x300.jpg\" class=\"attachment-medium size-medium\" alt=\"Metallene Codes: A85D\" decoding=\"async\" loading=\"lazy\" aria-describedby=\"gallery-1-2703\" srcset=\"https:\/\/blog.ecotronics.ch\/wordpress\/wp-content\/uploads\/2016\/01\/20160130_otg4_1300147_0_Frankreich_Mulhouse-Eisenbahnmuseum_x-200x300.jpg 200w, https:\/\/blog.ecotronics.ch\/wordpress\/wp-content\/uploads\/2016\/01\/20160130_otg4_1300147_0_Frankreich_Mulhouse-Eisenbahnmuseum_x.jpg 533w, https:\/\/blog.ecotronics.ch\/wordpress\/wp-content\/uploads\/2016\/01\/20160130_otg4_1300147_0_Frankreich_Mulhouse-Eisenbahnmuseum_x-100x150.jpg 100w, https:\/\/blog.ecotronics.ch\/wordpress\/wp-content\/uploads\/2016\/01\/20160130_otg4_1300147_0_Frankreich_Mulhouse-Eisenbahnmuseum_x-400x600.jpg 400w\" sizes=\"(max-width: 200px) 100vw, 200px\" \/><\/a>\n\t\t\t<\/dt>\n\t\t\t\t<dd class='wp-caption-text gallery-caption' id='gallery-1-2703'>\n\t\t\t\tMetallene Codes: A85D\n\t\t\t\t<\/dd><\/dl><dl class='gallery-item'>\n\t\t\t<dt class='gallery-icon portrait'>\n\t\t\t\t<a href='https:\/\/blog.ecotronics.ch\/wordpress\/wp-content\/uploads\/2016\/01\/20160130_otg4_1300178_0_Frankreich_Mulhouse-Eisenbahnmuseum_x.jpg'><img width=\"200\" height=\"300\" src=\"https:\/\/blog.ecotronics.ch\/wordpress\/wp-content\/uploads\/2016\/01\/20160130_otg4_1300178_0_Frankreich_Mulhouse-Eisenbahnmuseum_x-200x300.jpg\" class=\"attachment-medium size-medium\" alt=\"Metallene Codes: Blau\" decoding=\"async\" loading=\"lazy\" aria-describedby=\"gallery-1-2708\" srcset=\"https:\/\/blog.ecotronics.ch\/wordpress\/wp-content\/uploads\/2016\/01\/20160130_otg4_1300178_0_Frankreich_Mulhouse-Eisenbahnmuseum_x-200x300.jpg 200w, https:\/\/blog.ecotronics.ch\/wordpress\/wp-content\/uploads\/2016\/01\/20160130_otg4_1300178_0_Frankreich_Mulhouse-Eisenbahnmuseum_x.jpg 533w, https:\/\/blog.ecotronics.ch\/wordpress\/wp-content\/uploads\/2016\/01\/20160130_otg4_1300178_0_Frankreich_Mulhouse-Eisenbahnmuseum_x-100x150.jpg 100w, https:\/\/blog.ecotronics.ch\/wordpress\/wp-content\/uploads\/2016\/01\/20160130_otg4_1300178_0_Frankreich_Mulhouse-Eisenbahnmuseum_x-400x600.jpg 400w\" sizes=\"(max-width: 200px) 100vw, 200px\" \/><\/a>\n\t\t\t<\/dt>\n\t\t\t\t<dd class='wp-caption-text gallery-caption' id='gallery-1-2708'>\n\t\t\t\tMetallene Codes: Blau\n\t\t\t\t<\/dd><\/dl><br style=\"clear: both\" \/><dl class='gallery-item'>\n\t\t\t<dt class='gallery-icon portrait'>\n\t\t\t\t<a href='https:\/\/blog.ecotronics.ch\/wordpress\/wp-content\/uploads\/2016\/01\/20160130_otg4_1300149_0_Frankreich_Mulhouse-Eisenbahnmuseum_x.jpg'><img width=\"200\" height=\"300\" src=\"https:\/\/blog.ecotronics.ch\/wordpress\/wp-content\/uploads\/2016\/01\/20160130_otg4_1300149_0_Frankreich_Mulhouse-Eisenbahnmuseum_x-200x300.jpg\" class=\"attachment-medium size-medium\" alt=\"Metallene Codes: H 4546\" decoding=\"async\" loading=\"lazy\" aria-describedby=\"gallery-1-2704\" srcset=\"https:\/\/blog.ecotronics.ch\/wordpress\/wp-content\/uploads\/2016\/01\/20160130_otg4_1300149_0_Frankreich_Mulhouse-Eisenbahnmuseum_x-200x300.jpg 200w, https:\/\/blog.ecotronics.ch\/wordpress\/wp-content\/uploads\/2016\/01\/20160130_otg4_1300149_0_Frankreich_Mulhouse-Eisenbahnmuseum_x.jpg 533w, https:\/\/blog.ecotronics.ch\/wordpress\/wp-content\/uploads\/2016\/01\/20160130_otg4_1300149_0_Frankreich_Mulhouse-Eisenbahnmuseum_x-100x150.jpg 100w, https:\/\/blog.ecotronics.ch\/wordpress\/wp-content\/uploads\/2016\/01\/20160130_otg4_1300149_0_Frankreich_Mulhouse-Eisenbahnmuseum_x-400x600.jpg 400w\" sizes=\"(max-width: 200px) 100vw, 200px\" \/><\/a>\n\t\t\t<\/dt>\n\t\t\t\t<dd class='wp-caption-text gallery-caption' id='gallery-1-2704'>\n\t\t\t\tMetallene Codes: H 4546\n\t\t\t\t<\/dd><\/dl>\n\t\t\t<br style='clear: both' \/>\n\t\t<\/div>\n\n","protected":false},"excerpt":{"rendered":"<p>Aufgenommen von Silvia Rothen, Bern, Schweiz Ort: Eisenbahnmuseum Mulhouse, Januar 2016 Kamera: Olympus Tough TG-4<\/p>\n<p>Erst nach einiger Zeit entdeckte ich im Halbdunkel des Eisenbahnmuseums Mulhouse diese ins Metall geritzten oder gepr\u00e4gten Zeichen und Ziffern. Ein paar hartgesottene Eisenbahnfans m\u00f6gen diese Codes noch eine Bedeutung haben, f\u00fcr alle anderen bleibt nur ihre mattschimmernde, geheimnisvolle Sch\u00f6nheit.<\/p>\n<p> [&#8230;]<\/p>\n","protected":false},"author":1,"featured_media":2699,"parent":1034,"menu_order":0,"comment_status":"closed","ping_status":"closed","template":"","meta":[],"_links":{"self":[{"href":"https:\/\/blog.ecotronics.ch\/wordpress\/index.php?rest_route=\/wp\/v2\/pages\/2695"}],"collection":[{"href":"https:\/\/blog.ecotronics.ch\/wordpress\/index.php?rest_route=\/wp\/v2\/pages"}],"about":[{"href":"https:\/\/blog.ecotronics.ch\/wordpress\/index.php?rest_route=\/wp\/v2\/types\/page"}],"author":[{"embeddable":true,"href":"https:\/\/blog.ecotronics.ch\/wordpress\/index.php?rest_route=\/wp\/v2\/users\/1"}],"replies":[{"embeddable":true,"href":"https:\/\/blog.ecotronics.ch\/wordpress\/index.php?rest_route=%2Fwp%2Fv2%2Fcomments&post=2695"}],"version-history":[{"count":23,"href":"https:\/\/blog.ecotronics.ch\/wordpress\/index.php?rest_route=\/wp\/v2\/pages\/2695\/revisions"}],"predecessor-version":[{"id":2734,"href":"https:\/\/blog.ecotronics.ch\/wordpress\/index.php?rest_route=\/wp\/v2\/pages\/2695\/revisions\/2734"}],"up":[{"embeddable":true,"href":"https:\/\/blog.ecotronics.ch\/wordpress\/index.php?rest_route=\/wp\/v2\/pages\/1034"}],"wp:featuredmedia":[{"embeddable":true,"href":"https:\/\/blog.ecotronics.ch\/wordpress\/index.php?rest_route=\/wp\/v2\/media\/2699"}],"wp:attachment":[{"href":"https:\/\/blog.ecotronics.ch\/wordpress\/index.php?rest_route=%2Fwp%2Fv2%2Fmedia&parent=2695"}],"curies":[{"name":"wp","href":"https:\/\/api.w.org\/{rel}","templated":true}]}}