{"id":3021,"date":"2019-08-11T15:43:28","date_gmt":"2019-08-11T15:43:28","guid":{"rendered":"https:\/\/blog.ecotronics.ch\/wordpress\/?page_id=3021"},"modified":"2019-08-11T16:02:48","modified_gmt":"2019-08-11T16:02:48","slug":"die-farben-auf-meinem-balkon","status":"publish","type":"page","link":"https:\/\/blog.ecotronics.ch\/wordpress\/?page_id=3021","title":{"rendered":"Die Farben auf meinem Balkon"},"content":{"rendered":"\n<p>Ein sonniger Sonntagnachmittag im August hat mich zu dieser kleinen Farbstudie animiert:<\/p>\n\n\n\n<ul class=\"wp-block-gallery columns-3\"><li class=\"blocks-gallery-item\"><figure><a href=\"https:\/\/blog.ecotronics.ch\/wordpress\/wp-content\/uploads\/2019\/08\/10_10_Weiss_PakChoi_BrassicaRapaChinensis-1.jpg\" title=\"Weiss - PakChoi - Brassica Rapa Chinensis\"><img decoding=\"async\" loading=\"lazy\" width=\"300\" height=\"300\" src=\"https:\/\/blog.ecotronics.ch\/wordpress\/wp-content\/uploads\/2019\/08\/10_10_Weiss_PakChoi_BrassicaRapaChinensis-1.jpg\" alt=\"\" data-id=\"3025\" data-link=\"https:\/\/blog.ecotronics.ch\/wordpress\/?attachment_id=3025\" class=\"wp-image-3025\" srcset=\"https:\/\/blog.ecotronics.ch\/wordpress\/wp-content\/uploads\/2019\/08\/10_10_Weiss_PakChoi_BrassicaRapaChinensis-1.jpg 300w, https:\/\/blog.ecotronics.ch\/wordpress\/wp-content\/uploads\/2019\/08\/10_10_Weiss_PakChoi_BrassicaRapaChinensis-1-150x150.jpg 150w\" sizes=\"(max-width: 300px) 100vw, 300px\" \/><\/a><figcaption>Das <strong>leuchtende Weiss<em> <\/em><\/strong>der Pak-Choi-Stiele<\/figcaption><\/figure><\/li><li class=\"blocks-gallery-item\"><figure><a href=\"https:\/\/blog.ecotronics.ch\/wordpress\/wp-content\/uploads\/2019\/08\/10_20_Weiss_Chili_CapsicumAnnuum.jpg\" title=\"Gr\u00fcn-Weiss - Chilibl\u00fcte - Capsicum Annuum\"><img decoding=\"async\" loading=\"lazy\" width=\"300\" height=\"300\" src=\"https:\/\/blog.ecotronics.ch\/wordpress\/wp-content\/uploads\/2019\/08\/10_20_Weiss_Chili_CapsicumAnnuum.jpg\" alt=\"\" data-id=\"3026\" data-link=\"https:\/\/blog.ecotronics.ch\/wordpress\/?attachment_id=3026\" class=\"wp-image-3026\" srcset=\"https:\/\/blog.ecotronics.ch\/wordpress\/wp-content\/uploads\/2019\/08\/10_20_Weiss_Chili_CapsicumAnnuum.jpg 300w, https:\/\/blog.ecotronics.ch\/wordpress\/wp-content\/uploads\/2019\/08\/10_20_Weiss_Chili_CapsicumAnnuum-150x150.jpg 150w\" sizes=\"(max-width: 300px) 100vw, 300px\" \/><\/a><figcaption>Das <strong>bescheidene Gr\u00fcn-Weiss<\/strong> einer Chili-Bl\u00fcte<\/figcaption><\/figure><\/li><li class=\"blocks-gallery-item\"><figure><a href=\"https:\/\/blog.ecotronics.ch\/wordpress\/wp-content\/uploads\/2019\/08\/10_30_Sandbeige_Samtnelke_1_20190811_150551.jpg\" title=\"Sandbeige - Samtnelke - Silene coronaria\"><img decoding=\"async\" loading=\"lazy\" width=\"300\" height=\"300\" src=\"https:\/\/blog.ecotronics.ch\/wordpress\/wp-content\/uploads\/2019\/08\/10_30_Sandbeige_Samtnelke_1_20190811_150551.jpg\" alt=\"\" data-id=\"3027\" data-link=\"https:\/\/blog.ecotronics.ch\/wordpress\/?attachment_id=3027\" class=\"wp-image-3027\" srcset=\"https:\/\/blog.ecotronics.ch\/wordpress\/wp-content\/uploads\/2019\/08\/10_30_Sandbeige_Samtnelke_1_20190811_150551.jpg 300w, https:\/\/blog.ecotronics.ch\/wordpress\/wp-content\/uploads\/2019\/08\/10_30_Sandbeige_Samtnelke_1_20190811_150551-150x150.jpg 150w\" sizes=\"(max-width: 300px) 100vw, 300px\" \/><\/a><figcaption>Das <strong>sandfarbene Beige<\/strong> einer verwelkten Samtnelke<\/figcaption><\/figure><\/li><li class=\"blocks-gallery-item\"><figure><a href=\"https:\/\/blog.ecotronics.ch\/wordpress\/wp-content\/uploads\/2019\/08\/20_10_Gelb_Ringelblume_CalendulaOfficinalis.jpg\" title=\"Gelb - Ringelblume - Calendula officinalis\"><img decoding=\"async\" loading=\"lazy\" width=\"300\" height=\"300\" src=\"https:\/\/blog.ecotronics.ch\/wordpress\/wp-content\/uploads\/2019\/08\/20_10_Gelb_Ringelblume_CalendulaOfficinalis.jpg\" alt=\"\" data-id=\"3028\" data-link=\"https:\/\/blog.ecotronics.ch\/wordpress\/?attachment_id=3028\" class=\"wp-image-3028\" srcset=\"https:\/\/blog.ecotronics.ch\/wordpress\/wp-content\/uploads\/2019\/08\/20_10_Gelb_Ringelblume_CalendulaOfficinalis.jpg 300w, https:\/\/blog.ecotronics.ch\/wordpress\/wp-content\/uploads\/2019\/08\/20_10_Gelb_Ringelblume_CalendulaOfficinalis-150x150.jpg 150w\" sizes=\"(max-width: 300px) 100vw, 300px\" \/><\/a><figcaption>Das <strong>sonnige Gelb <\/strong><br>einer Ringelblume<\/figcaption><\/figure><\/li><li class=\"blocks-gallery-item\"><figure><a href=\"https:\/\/blog.ecotronics.ch\/wordpress\/wp-content\/uploads\/2019\/08\/20_20_Orange_bolivianischeObsttomate_LycopersiconEsculentum.jpg\" title=\"Orange - bolivianische Obsttomate - Lycopersicon esculentum\"><img decoding=\"async\" loading=\"lazy\" width=\"300\" height=\"300\" src=\"https:\/\/blog.ecotronics.ch\/wordpress\/wp-content\/uploads\/2019\/08\/20_20_Orange_bolivianischeObsttomate_LycopersiconEsculentum.jpg\" alt=\"\" data-id=\"3029\" data-link=\"https:\/\/blog.ecotronics.ch\/wordpress\/?attachment_id=3029\" class=\"wp-image-3029\" srcset=\"https:\/\/blog.ecotronics.ch\/wordpress\/wp-content\/uploads\/2019\/08\/20_20_Orange_bolivianischeObsttomate_LycopersiconEsculentum.jpg 300w, https:\/\/blog.ecotronics.ch\/wordpress\/wp-content\/uploads\/2019\/08\/20_20_Orange_bolivianischeObsttomate_LycopersiconEsculentum-150x150.jpg 150w\" sizes=\"(max-width: 300px) 100vw, 300px\" \/><\/a><figcaption>Das <strong>fr\u00f6hliche Gelborange<\/strong> einer bolivianischen Obsttomate<\/figcaption><\/figure><\/li><li class=\"blocks-gallery-item\"><figure><a href=\"https:\/\/blog.ecotronics.ch\/wordpress\/wp-content\/uploads\/2019\/08\/20_30_Orange_Studentenblume_Tagetes.jpg\" title=\"Orange - Studentenblume - Tagetes\"><img decoding=\"async\" loading=\"lazy\" width=\"300\" height=\"300\" src=\"https:\/\/blog.ecotronics.ch\/wordpress\/wp-content\/uploads\/2019\/08\/20_30_Orange_Studentenblume_Tagetes.jpg\" alt=\"\" data-id=\"3030\" data-link=\"https:\/\/blog.ecotronics.ch\/wordpress\/?attachment_id=3030\" class=\"wp-image-3030\" srcset=\"https:\/\/blog.ecotronics.ch\/wordpress\/wp-content\/uploads\/2019\/08\/20_30_Orange_Studentenblume_Tagetes.jpg 300w, https:\/\/blog.ecotronics.ch\/wordpress\/wp-content\/uploads\/2019\/08\/20_30_Orange_Studentenblume_Tagetes-150x150.jpg 150w\" sizes=\"(max-width: 300px) 100vw, 300px\" \/><\/a><figcaption>Das <strong>kecke Orange<\/strong> einer Tagetestbl\u00fcte<\/figcaption><\/figure><\/li><li class=\"blocks-gallery-item\"><figure><a href=\"https:\/\/blog.ecotronics.ch\/wordpress\/wp-content\/uploads\/2019\/08\/30_10_Zartrosa_Moschusmalve_MalvaMoschata.jpg\" title=\"Zartrosa - Moschusmalve - Malva moschata\"><img decoding=\"async\" loading=\"lazy\" width=\"300\" height=\"300\" src=\"https:\/\/blog.ecotronics.ch\/wordpress\/wp-content\/uploads\/2019\/08\/30_10_Zartrosa_Moschusmalve_MalvaMoschata.jpg\" alt=\"\" data-id=\"3031\" data-link=\"https:\/\/blog.ecotronics.ch\/wordpress\/?attachment_id=3031\" class=\"wp-image-3031\" srcset=\"https:\/\/blog.ecotronics.ch\/wordpress\/wp-content\/uploads\/2019\/08\/30_10_Zartrosa_Moschusmalve_MalvaMoschata.jpg 300w, https:\/\/blog.ecotronics.ch\/wordpress\/wp-content\/uploads\/2019\/08\/30_10_Zartrosa_Moschusmalve_MalvaMoschata-150x150.jpg 150w\" sizes=\"(max-width: 300px) 100vw, 300px\" \/><\/a><figcaption>Das <strong>zarte Blassrosa<\/strong> einer Moschusmalve<\/figcaption><\/figure><\/li><li class=\"blocks-gallery-item\"><figure><a href=\"https:\/\/blog.ecotronics.ch\/wordpress\/wp-content\/uploads\/2019\/08\/30_20_Rot_Erdbeerspinat_ChenopodiumFoliosum.jpg\" title=\"Rot - Erdbeerspinat - Chenopodium foliosum\"><img decoding=\"async\" loading=\"lazy\" width=\"300\" height=\"300\" src=\"https:\/\/blog.ecotronics.ch\/wordpress\/wp-content\/uploads\/2019\/08\/30_20_Rot_Erdbeerspinat_ChenopodiumFoliosum.jpg\" alt=\"\" data-id=\"3032\" data-link=\"https:\/\/blog.ecotronics.ch\/wordpress\/?attachment_id=3032\" class=\"wp-image-3032\" srcset=\"https:\/\/blog.ecotronics.ch\/wordpress\/wp-content\/uploads\/2019\/08\/30_20_Rot_Erdbeerspinat_ChenopodiumFoliosum.jpg 300w, https:\/\/blog.ecotronics.ch\/wordpress\/wp-content\/uploads\/2019\/08\/30_20_Rot_Erdbeerspinat_ChenopodiumFoliosum-150x150.jpg 150w\" sizes=\"(max-width: 300px) 100vw, 300px\" \/><\/a><figcaption>Das <strong>satte Rot <\/strong>der Beeren des Erdbeerspinats<\/figcaption><\/figure><\/li><li class=\"blocks-gallery-item\"><figure><a href=\"https:\/\/blog.ecotronics.ch\/wordpress\/wp-content\/uploads\/2019\/08\/30_30_Braunviolett_Shiso_PerillaFrutescens.jpg\" title=\"Braunviolett - Shiso - Perilla frutescens\"><img decoding=\"async\" loading=\"lazy\" width=\"300\" height=\"300\" src=\"https:\/\/blog.ecotronics.ch\/wordpress\/wp-content\/uploads\/2019\/08\/30_30_Braunviolett_Shiso_PerillaFrutescens.jpg\" alt=\"\" data-id=\"3033\" data-link=\"https:\/\/blog.ecotronics.ch\/wordpress\/?attachment_id=3033\" class=\"wp-image-3033\" srcset=\"https:\/\/blog.ecotronics.ch\/wordpress\/wp-content\/uploads\/2019\/08\/30_30_Braunviolett_Shiso_PerillaFrutescens.jpg 300w, https:\/\/blog.ecotronics.ch\/wordpress\/wp-content\/uploads\/2019\/08\/30_30_Braunviolett_Shiso_PerillaFrutescens-150x150.jpg 150w\" sizes=\"(max-width: 300px) 100vw, 300px\" \/><\/a><figcaption>Das von <strong>Violett <\/strong>zu <strong>Rotbraun <\/strong>changierende Shiso-Blatt<\/figcaption><\/figure><\/li><li class=\"blocks-gallery-item\"><figure><a href=\"https:\/\/blog.ecotronics.ch\/wordpress\/wp-content\/uploads\/2019\/08\/40_10_Lindgruen_Goldmelisse_MonardaDidyma.jpg\" title=\"Lindgr\u00fcn - Goldmelisse - Monarda didyma\"><img decoding=\"async\" loading=\"lazy\" width=\"300\" height=\"300\" src=\"https:\/\/blog.ecotronics.ch\/wordpress\/wp-content\/uploads\/2019\/08\/40_10_Lindgruen_Goldmelisse_MonardaDidyma.jpg\" alt=\"\" data-id=\"3034\" data-link=\"https:\/\/blog.ecotronics.ch\/wordpress\/?attachment_id=3034\" class=\"wp-image-3034\" srcset=\"https:\/\/blog.ecotronics.ch\/wordpress\/wp-content\/uploads\/2019\/08\/40_10_Lindgruen_Goldmelisse_MonardaDidyma.jpg 300w, https:\/\/blog.ecotronics.ch\/wordpress\/wp-content\/uploads\/2019\/08\/40_10_Lindgruen_Goldmelisse_MonardaDidyma-150x150.jpg 150w\" sizes=\"(max-width: 300px) 100vw, 300px\" \/><\/a><figcaption>Das <strong>Lindgr\u00fcn<\/strong> eines von der Sonne durchschienenen Goldmelissenblatts<\/figcaption><\/figure><\/li><li class=\"blocks-gallery-item\"><figure><a href=\"https:\/\/blog.ecotronics.ch\/wordpress\/wp-content\/uploads\/2019\/08\/40_20_Gruen_Eberraute_ArtemisiaAbrotanum.jpg\" title=\"Hellgr\u00fcn - Eberraute - Artemisia abrotanum\"><img decoding=\"async\" loading=\"lazy\" width=\"300\" height=\"300\" src=\"https:\/\/blog.ecotronics.ch\/wordpress\/wp-content\/uploads\/2019\/08\/40_20_Gruen_Eberraute_ArtemisiaAbrotanum.jpg\" alt=\"\" data-id=\"3035\" data-link=\"https:\/\/blog.ecotronics.ch\/wordpress\/?attachment_id=3035\" class=\"wp-image-3035\" srcset=\"https:\/\/blog.ecotronics.ch\/wordpress\/wp-content\/uploads\/2019\/08\/40_20_Gruen_Eberraute_ArtemisiaAbrotanum.jpg 300w, https:\/\/blog.ecotronics.ch\/wordpress\/wp-content\/uploads\/2019\/08\/40_20_Gruen_Eberraute_ArtemisiaAbrotanum-150x150.jpg 150w\" sizes=\"(max-width: 300px) 100vw, 300px\" \/><\/a><figcaption>Das <strong>frische Hellgr\u00fcn<\/strong> des Eberrautenlaubes<\/figcaption><\/figure><\/li><li class=\"blocks-gallery-item\"><figure><a href=\"https:\/\/blog.ecotronics.ch\/wordpress\/wp-content\/uploads\/2019\/08\/40_30_Gruen_GreenVelvet_PlectranthusBellus.jpg\" title=\"Gr\u00fcn - Green Velvet - PlectranthusBellus\"><img decoding=\"async\" loading=\"lazy\" width=\"300\" height=\"300\" src=\"https:\/\/blog.ecotronics.ch\/wordpress\/wp-content\/uploads\/2019\/08\/40_30_Gruen_GreenVelvet_PlectranthusBellus.jpg\" alt=\"\" data-id=\"3036\" data-link=\"https:\/\/blog.ecotronics.ch\/wordpress\/?attachment_id=3036\" class=\"wp-image-3036\" srcset=\"https:\/\/blog.ecotronics.ch\/wordpress\/wp-content\/uploads\/2019\/08\/40_30_Gruen_GreenVelvet_PlectranthusBellus.jpg 300w, https:\/\/blog.ecotronics.ch\/wordpress\/wp-content\/uploads\/2019\/08\/40_30_Gruen_GreenVelvet_PlectranthusBellus-150x150.jpg 150w\" sizes=\"(max-width: 300px) 100vw, 300px\" \/><\/a><figcaption>Das <strong>samtige Gr\u00fcn <\/strong>der Green-Velvet-Bl\u00e4tter<\/figcaption><\/figure><\/li><li class=\"blocks-gallery-item\"><figure><a href=\"https:\/\/blog.ecotronics.ch\/wordpress\/wp-content\/uploads\/2019\/08\/70_10_Blau_Kornblume_CentaureaCyanus.jpg\" title=\"Blau - Kornblume - Centaurea cyanus\"><img decoding=\"async\" loading=\"lazy\" width=\"300\" height=\"300\" src=\"https:\/\/blog.ecotronics.ch\/wordpress\/wp-content\/uploads\/2019\/08\/70_10_Blau_Kornblume_CentaureaCyanus.jpg\" alt=\"\" data-id=\"3037\" data-link=\"https:\/\/blog.ecotronics.ch\/wordpress\/?attachment_id=3037\" class=\"wp-image-3037\" srcset=\"https:\/\/blog.ecotronics.ch\/wordpress\/wp-content\/uploads\/2019\/08\/70_10_Blau_Kornblume_CentaureaCyanus.jpg 300w, https:\/\/blog.ecotronics.ch\/wordpress\/wp-content\/uploads\/2019\/08\/70_10_Blau_Kornblume_CentaureaCyanus-150x150.jpg 150w\" sizes=\"(max-width: 300px) 100vw, 300px\" \/><\/a><figcaption>Das <strong>ausgewaschene Blau<\/strong> einer verwelkenden Kornblume<\/figcaption><\/figure><\/li><li class=\"blocks-gallery-item\"><figure><a href=\"https:\/\/blog.ecotronics.ch\/wordpress\/wp-content\/uploads\/2019\/08\/70_20_Blaulila_Ballonblume_PlatycodonGrandiflorus.jpg\" title=\"Blaulila - Ballonblume - Platycodon grandiflorus\"><img decoding=\"async\" loading=\"lazy\" width=\"300\" height=\"300\" src=\"https:\/\/blog.ecotronics.ch\/wordpress\/wp-content\/uploads\/2019\/08\/70_20_Blaulila_Ballonblume_PlatycodonGrandiflorus.jpg\" alt=\"\" data-id=\"3038\" data-link=\"https:\/\/blog.ecotronics.ch\/wordpress\/?attachment_id=3038\" class=\"wp-image-3038\" srcset=\"https:\/\/blog.ecotronics.ch\/wordpress\/wp-content\/uploads\/2019\/08\/70_20_Blaulila_Ballonblume_PlatycodonGrandiflorus.jpg 300w, https:\/\/blog.ecotronics.ch\/wordpress\/wp-content\/uploads\/2019\/08\/70_20_Blaulila_Ballonblume_PlatycodonGrandiflorus-150x150.jpg 150w\" sizes=\"(max-width: 300px) 100vw, 300px\" \/><\/a><figcaption>Das <strong>bes\u00e4nftigende Blau-Lila <\/strong>der Ballonblumen<\/figcaption><\/figure><\/li><li class=\"blocks-gallery-item\"><figure><a href=\"https:\/\/blog.ecotronics.ch\/wordpress\/wp-content\/uploads\/2019\/08\/70_30_Magenta_Samtnelke_SileneCoronaria.jpg\" title=\"Magenta - Samtnelke - Silene coronaria\"><img decoding=\"async\" loading=\"lazy\" width=\"300\" height=\"300\" src=\"https:\/\/blog.ecotronics.ch\/wordpress\/wp-content\/uploads\/2019\/08\/70_30_Magenta_Samtnelke_SileneCoronaria.jpg\" alt=\"\" data-id=\"3039\" data-link=\"https:\/\/blog.ecotronics.ch\/wordpress\/?attachment_id=3039\" class=\"wp-image-3039\" srcset=\"https:\/\/blog.ecotronics.ch\/wordpress\/wp-content\/uploads\/2019\/08\/70_30_Magenta_Samtnelke_SileneCoronaria.jpg 300w, https:\/\/blog.ecotronics.ch\/wordpress\/wp-content\/uploads\/2019\/08\/70_30_Magenta_Samtnelke_SileneCoronaria-150x150.jpg 150w\" sizes=\"(max-width: 300px) 100vw, 300px\" \/><\/a><figcaption>Das <strong>knallige Magenta<\/strong> der letzten Samtnelkenbl\u00fcte<\/figcaption><\/figure><\/li><\/ul>\n","protected":false},"excerpt":{"rendered":"\n<p>Ein sonniger Sonntagnachmittag im August hat mich zu dieser kleinen Farbstudie animiert:<\/p>\n<p> Das leuchtende Weiss der Pak-Choi-StieleDas bescheidene Gr\u00fcn-Weiss einer Chili-Bl\u00fcteDas sandfarbene Beige einer verwelkten SamtnelkeDas sonnige Gelb einer RingelblumeDas fr\u00f6hliche Gelborange einer bolivianischen ObsttomateDas kecke Orange einer Tagetestbl\u00fcteDas zarte Blassrosa einer MoschusmalveDas satte Rot der Beeren des ErdbeerspinatsDas von Violett zu Rotbraun changierende [&#8230;]<\/p>\n","protected":false},"author":1,"featured_media":0,"parent":1034,"menu_order":0,"comment_status":"closed","ping_status":"closed","template":"","meta":[],"_links":{"self":[{"href":"https:\/\/blog.ecotronics.ch\/wordpress\/index.php?rest_route=\/wp\/v2\/pages\/3021"}],"collection":[{"href":"https:\/\/blog.ecotronics.ch\/wordpress\/index.php?rest_route=\/wp\/v2\/pages"}],"about":[{"href":"https:\/\/blog.ecotronics.ch\/wordpress\/index.php?rest_route=\/wp\/v2\/types\/page"}],"author":[{"embeddable":true,"href":"https:\/\/blog.ecotronics.ch\/wordpress\/index.php?rest_route=\/wp\/v2\/users\/1"}],"replies":[{"embeddable":true,"href":"https:\/\/blog.ecotronics.ch\/wordpress\/index.php?rest_route=%2Fwp%2Fv2%2Fcomments&post=3021"}],"version-history":[{"count":13,"href":"https:\/\/blog.ecotronics.ch\/wordpress\/index.php?rest_route=\/wp\/v2\/pages\/3021\/revisions"}],"predecessor-version":[{"id":3053,"href":"https:\/\/blog.ecotronics.ch\/wordpress\/index.php?rest_route=\/wp\/v2\/pages\/3021\/revisions\/3053"}],"up":[{"embeddable":true,"href":"https:\/\/blog.ecotronics.ch\/wordpress\/index.php?rest_route=\/wp\/v2\/pages\/1034"}],"wp:attachment":[{"href":"https:\/\/blog.ecotronics.ch\/wordpress\/index.php?rest_route=%2Fwp%2Fv2%2Fmedia&parent=3021"}],"curies":[{"name":"wp","href":"https:\/\/api.w.org\/{rel}","templated":true}]}}